 - 1413. What is the tens digit of h?
1
What is the units digit of (3 - (-3 - (-10 + 5)))*284?
4
Suppose -12*v + 18675 = -6945. What is the units digit of v?
5
Suppose 8*s + 10164 = 22*s. What is the tens digit of s?
2
Let a be (181 - (2 + 0)) + 0. Suppose -7*l + 17 = -a. What is the units digit of l?
8
Suppose -22*k - 7282 = -24*k + 5*h, -5*h - 14554 = -4*k. What is the units digit of k?
6
Let a = 8 + -5. Suppose -a*d - 118 = -2*o, d - 3*d = -o + 80. Let x = 12 - d. What is the tens digit of x?
5
Suppose 2*f = -2*o + 172 + 22, -5*f - o = -465. Let t = -45 + f. What is the units digit of t?
7
Suppose 407 + 13117 = 23*q. What is the hundreds digit of q?
5
Let u be 0 - 9/((-9)/20). Suppose 0 = -7*s + 132 - u. What is the tens digit of s?
1
Suppose -17*l + 2096 = 4*v - 21*l, 3*l - 9 = 0. What is the hundreds digit of v?
5
Let m(q) = 2*q**3 - 3*q**2 - 7*q + 27. Let d be m(-6). What is the units digit of d/(-5) - (-44)/55?
5
Let w(p) = 2*p - 1. Let u(k) = -5*k + 2. Let r(y) = 3*u(y) + 8*w(y). Let s be r(2). Suppose s = -3*f - 6 + 72. What is the tens digit of f?
2
Let k be -2 + -303 + (5 - 3) - -3. Let r = 521 + k. What is the units digit of r?
1
Let k = 64 - 66. Suppose -7*u + 3*u - 132 = 0. Let g = k - u. What is the tens digit of g?
3
Suppose -2*n = -8, 0 = 3*k - n - 6 - 2. Suppose 4*r = 5*b + 3*r - 33, -k*r - 6 = b. What is the units digit of b?
6
Suppose 0 = -4*p - p - 45. What is the units digit of ((-46)/(-18) - 3)/(2/p)?
2
Let b = 3 - 1. Suppose -3*v - b*v + 390 = 0. What is the tens digit of v?
7
Suppose 52 = -2*h + b, -3*h - h - 5*b = 132. Let i = -11 - h. What is the tens digit of i?
1
Let w be -10*1*(0 + -1). Suppose j = -2*o - 24, -48 = 3*o - 4*j + w. What is the units digit of ((-4)/o)/((-1)/(-7))?
2
Let m(g) = 129*g**2 + 3*g + 1. Let z be m(-2). Suppose 4*q - 3*t - z = 0, 2*q + 2*t - 138 = 114. What is the hundreds digit of q?
1
Suppose -5*v + 24 = -2*v + 2*m, 0 = -4*v + 4*m + 52. Let d be v + (14 + -2)/3. Suppose d*b + 104 = 16*b. What is the units digit of b?
2
Let j = 33 + -29. Suppose 4*h = -j*b - 0*b + 184, -2*h = 6. What is the tens digit of b?
4
Suppose -18 = -6*h + 4*h. What is the units digit of 74 + h/(-2)*8/12?
1
Let s = -20 - -24. Suppose 0*c - 2*c - 117 = -3*f, -3*f = -s*c - 123. What is the units digit of f?
7
Let c = 74 + -46. Let x = -24 + c. Suppose -2*l + 4 + x = 0. What is the units digit of l?
4
Suppose 0 = 5*o + 2*c - 21, -o - c = 3*c + 3. Suppose -o*i + 10*i = 675. What is the units digit of i?
5
Suppose 36 = 3*u + 4*y, 0*y - 5*y = 4*u - 48. Let r(q) = -q**3 - 7*q**2 + q - 5. Let t be r(-5). What is the units digit of (-2170)/t + (-2)/u?
6
Let r = -1218 - -2223. What is the thousands digit of r?
1
Let f = -36 - -39. Suppose 552 = 4*c - 3*d, f*c - 385 = -3*d - 2*d. What is the tens digit of c?
3
Suppose 0 = 8*y - 7*y. Suppose -2*w = -5*d - 146, y = 3*w + d - 5*d - 205. What is the units digit of w?
3
Suppose 2*z - 2 = 10. Let h(t) be the third derivative of -t**5/60 + 7*t**4/24 + 2*t**3/3 + t**2. What is the tens digit of h(z)?
1
Let f = 622 + 1938. What is the tens digit of f?
6
Let u(v) = -7*v - 5. Let d be u(5). Let h = d - -67. What is the tens digit of h?
2
Let a = 417 + 1990. What is the hundreds digit of a?
4
Let a = 18 - 18. Suppose a = -k + 6*k - 10. Suppose -2*n = -4, 5*n = -k*u + 4*u - 74. What is the tens digit of u?
4
Suppose 5*h - 5*l = 30, h - 4*l = -l + 14. Suppose -4*j - 103 = -s, 3*s - h*j - 149 - 170 = 0. What is the hundreds digit of s?
1
Suppose -3*y + 3*p + 2*p = -1241, -5*y = -p - 2083. What is the tens digit of y?
1
Let f = -3 + -16. Let o = f + 27. Suppose 5*l - o*l = -186. What is the units digit of l?
2
Let b(f) = -f - 7. Let k be b(-11). Let a(w) = 2*w - 1. Let l be a(k). Suppose -4*n - l + 87 = 0. What is the tens digit of n?
2
Let x(i) = -440*i - 46. What is the hundreds digit of x(-2)?
8
Let v(q) = 10*q**2 - 2*q - 2. Let w be v(-1). Suppose j - w = 2. What is the tens digit of j?
1
Suppose -3*a = z - 19, 15 = 3*z + a - 2. Suppose 196 = z*i - 0*i. Let g = -22 + i. What is the tens digit of g?
2
Suppose -5*l = 2*z - 370, -3*z + 10 = 5*l - 355. Suppose -r = 2*w - l - 422, r - 247 = -w. What is the tens digit of w?
5
Let z be 0/(5 + 0 - 3). Suppose -b - 3*t + 6 = 2*b, 0 = 2*b + 5*t - 10. Suppose 5*q + 2*o + z*o - 26 = b, 0 = q + 2*o - 10. What is the units digit of q?
4
Let z(u) = 5*u + 8. Let h(f) be the third derivative of f**4/12 - f**3 - 8*f**2. Let w be h(5). What is the units digit of z(w)?
8
Suppose -2*d + 2*m = -1706, 3*d - 2541 = -3*m - 0*m. What is the tens digit of d?
5
Suppose -2*d - 680 = -6*d. Let k = d - 102. What is the units digit of k?
8
Let n be (-13)/(-5) + 38/95. Suppose -3*u + 195 = 5*l + 2*u, n*u = 15. What is the units digit of l?
4
Suppose b = 0, -4*s + 12 = -s - 2*b. Suppose 0 = -4*y + 4, -5*q + 3*q + 21 = 5*y. Suppose -q = -4*k + s. What is the units digit of k?
3
Let b(c) = 3*c + 3. Let t be b(4). Suppose 2*o + h - 1 = 1, o - 3*h - t = 0. Suppose o*j - 27 + 88 = 2*g, 4*g - 137 = 3*j. What is the tens digit of g?
3
Suppose -30*n + 10414 = -1646. What is the hundreds digit of n?
4
What is the tens digit of ((-49)/4 + -1)/(29/(-5452))?
9
Suppose 5*o + 18 = -7. Let q(h) = -31*h + 17*h + 12*h - 9. What is the units digit of q(o)?
1
Suppose 13785 + 10183 = 16*s. What is the units digit of s?
8
Let o = -56 + 61. What is the tens digit of o + -5 + 187 + 3?
9
Suppose 23*q - 21*q + 4*c - 1318 = 0, -q - 4*c + 657 = 0. What is the units digit of q?
1
Let g = 6159 - 3737. What is the units digit of g?
2
Suppose 0 = -5*l + 18 - 8. Suppose 5*d = -3*z + 184, -l*z = -d - 0*z + 29. Suppose -5*m - 4*i - 20 = -82, -2*m - 5*i = -d. What is the tens digit of m?
1
Let i(x) = x**3 - 4*x**2 - 6*x - 16. Suppose -3*j - 3*z + 19 = j, z - 25 = -4*j. What is the tens digit of i(j)?
8
Let d = 691 + -299. Suppose -2*s + d - 54 = 0. What is the tens digit of s?
6
What is the thousands digit of 47698/34 + (-38)/(-323)?
1
Let p = -1209 - -862. Let g = p - -524. What is the tens digit of g?
7
Suppose -2*f = -5*n + 10995, -6*n + 2*f + 8794 = -2*n. What is the hundreds digit of n?
2
Let w = 73 - 58. What is the tens digit of 37/((1 - -4)/w)?
1
Let a(z) = z**2 - 7*z - 4. Let x be a(7). What is the tens digit of (-60)/(x - 15/(-6))?
4
What is the tens digit of (-28068)/(-32) - (-9)/(-72)?
7
Let j be (7/2)/((-6)/60). Let v = j + 80. What is the tens digit of v?
4
What is the units digit of (5/(-5)*2 - 0) + 643?
1
Let z(d) = -d**3 - 8*d**2 + 3*d - 5. Let s be z(-10). Let w = -109 + s. What is the units digit of w?
6
Suppose -x + 8 - 5 = 0. Suppose x*u - 126 - 39 = 0. What is the tens digit of u?
5
Let w(h) = h**3 - 7*h**2 + 9*h + 37. What is the hundreds digit of w(8)?
1
Let f(j) = 46*j**2 - 18*j - 5. What is the units digit of f(3)?
5
Let a = -1322 + 5517. What is the hundreds digit of a?
1
Suppose -3*z = 3*z. Suppose a + z*a + 212 = 3*b, -2*b + 2*a = -144. What is the tens digit of b?
7
What is the hundreds digit of (-74)/(-3 - 776/(-264))?
2
Suppose 32*a - 41922 = 4510. What is the thousands digit of a?
1
Let g(c) = c**3 - 5*c**2 + c. Let u be g(5). Suppose u*n - 48 = 3*n. What is the units digit of n?
4
Suppose -5 = 12*n - 5. Suppose n = 3*k + 39 - 243. What is the tens digit of k?
6
Let k = 6489 - 3889. What is the tens digit of k?
0
Suppose 30 = 5*u - 5*t, u + 0*t - 10 = 5*t. Suppose 3 = u*z - 67. Let o = 9 + z. What is the tens digit of o?
2
Let h = -17 - -417. What is the hundreds digit of h?
4
Suppose 572 = 3*u - 568. Suppose 2*w = 2*r - 390, 0*r + 2*r - u = -3*w. What is the hundreds digit of r?
1
Let k = -59 + 57. What is the units digit of (1599/(-26))/(1/k)?
3
Let f = -19 - -23. Suppose -3*y = f*s + 7, -y + 2*s = -0*y - 11. What is the tens digit of y/(3 - (-576)/(-196))?
4
Let c = -130 + 544. Suppose 13*a = 4*a + c. What is the tens digit of a?
4
Let u(z) = -z**2 - 4*z + 5. Let l be u(-4). Let t = -27 - l. Let s = t - -66. What is the units digit of s?
4
Let b = -5486 + 7945. What is the hundreds digit of b?
4
Let j be (-1 + 1)*(-9 - -8). Suppose -2*g = -j*y - 3*y + 406, 0 = -4*y + 4*g + 544. What is the tens digit of y?
3
Let x(f) = f + 6. Let i be x(-4). Suppose 3*j = 3*b + i*b + 26, -2 = 2*b. Let d = j - 1. What is the units digit of d?
6
Suppose 5*q - 38 = 12. Suppose -2*s + 7*